[INFO] cloning repository https://github.com/Anddii/Rust-winapi-window
[INFO] running `Command { std: "git" "-c" "credential.helper=" "-c" "credential.helper=/workspace/cargo-home/bin/git-credential-null" "clone" "--bare" "https://github.com/Anddii/Rust-winapi-window" "/workspace/cache/git-repos/https%3A%2F%2Fgithub.com%2FAnddii%2FRust-winapi-window", kill_on_drop: false }`
[INFO] [stderr] Cloning into bare repository '/workspace/cache/git-repos/https%3A%2F%2Fgithub.com%2FAnddii%2FRust-winapi-window'...
[INFO] running `Command { std: "git" "rev-parse" "HEAD", kill_on_drop: false }`
[INFO] [stdout] f59906b6d5b8ac84332d85a621645a1825c78596
[INFO] building Anddii/Rust-winapi-window against master#ff34b919075f35a1787659e9c448a34b06bab8de for issue-85264
[INFO] running `Command { std: "git" "clone" "/workspace/cache/git-repos/https%3A%2F%2Fgithub.com%2FAnddii%2FRust-winapi-window" "/workspace/builds/worker-3/source", kill_on_drop: false }`
[INFO] [stderr] Cloning into '/workspace/builds/worker-3/source'...
[INFO] [stderr] done.
[INFO] validating manifest of git repo https://github.com/Anddii/Rust-winapi-window on toolchain ff34b919075f35a1787659e9c448a34b06bab8de
[INFO] running `Command { std: "/workspace/cargo-home/bin/cargo" "+ff34b919075f35a1787659e9c448a34b06bab8de" "metadata" "--manifest-path" "Cargo.toml" "--no-deps", kill_on_drop: false }`
[INFO] started tweaking git repo https://github.com/Anddii/Rust-winapi-window
[INFO] finished tweaking git repo https://github.com/Anddii/Rust-winapi-window
[INFO] tweaked toml for git repo https://github.com/Anddii/Rust-winapi-window written to /workspace/builds/worker-3/source/Cargo.toml
[INFO] crate git repo https://github.com/Anddii/Rust-winapi-window already has a lockfile, it will not be regenerated
[INFO] running `Command { std: "/workspace/cargo-home/bin/cargo" "+ff34b919075f35a1787659e9c448a34b06bab8de" "fetch" "--manifest-path" "Cargo.toml", kill_on_drop: false }`
[INFO] running `Command { std: "docker" "create" "-v" "/var/lib/crater-agent-workspace/builds/worker-3/target:/opt/rustwide/target:rw,Z" "-v" "/var/lib/crater-agent-workspace/builds/worker-3/source:/opt/rustwide/workdir:ro,Z" "-v" "/var/lib/crater-agent-workspace/cargo-home:/opt/rustwide/cargo-home:ro,Z" "-v" "/var/lib/crater-agent-workspace/rustup-home:/opt/rustwide/rustup-home:ro,Z" "-e" "SOURCE_DIR=/opt/rustwide/workdir" "-e" "CARGO_TARGET_DIR=/opt/rustwide/target" "-e" "CARGO_HOME=/opt/rustwide/cargo-home" "-e" "RUSTUP_HOME=/opt/rustwide/rustup-home" "-w" "/opt/rustwide/workdir" "-m" "1610612736" "--user" "0:0" "--network" "none" "ghcr.io/rust-lang/crates-build-env/linux@sha256:20528e8c29e4536546f0102ce88568b16ea7538393a33fcca951030f7af10457" "/opt/rustwide/cargo-home/bin/cargo" "+ff34b919075f35a1787659e9c448a34b06bab8de" "metadata" "--no-deps" "--format-version=1", kill_on_drop: false }`
[INFO] [stderr] WARNING: Your kernel does not support swap limit capabilities or the cgroup is not mounted. Memory limited without swap.
[INFO] [stdout] 2a4f13c553bc6c54ef5a02e7e264e7e94c00cbfd5b56d0eab578a4999a049205
[INFO] running `Command { std: "docker" "start" "-a" "2a4f13c553bc6c54ef5a02e7e264e7e94c00cbfd5b56d0eab578a4999a049205", kill_on_drop: false }`
[INFO] running `Command { std: "docker" "inspect" "2a4f13c553bc6c54ef5a02e7e264e7e94c00cbfd5b56d0eab578a4999a049205", kill_on_drop: false }`
[INFO] running `Command { std: "docker" "rm" "-f" "2a4f13c553bc6c54ef5a02e7e264e7e94c00cbfd5b56d0eab578a4999a049205", kill_on_drop: false }`
[INFO] [stdout] 2a4f13c553bc6c54ef5a02e7e264e7e94c00cbfd5b56d0eab578a4999a049205
[INFO] running `Command { std: "docker" "create" "-v" "/var/lib/crater-agent-workspace/builds/worker-3/target:/opt/rustwide/target:rw,Z" "-v" "/var/lib/crater-agent-workspace/builds/worker-3/source:/opt/rustwide/workdir:ro,Z" "-v" "/var/lib/crater-agent-workspace/cargo-home:/opt/rustwide/cargo-home:ro,Z" "-v" "/var/lib/crater-agent-workspace/rustup-home:/opt/rustwide/rustup-home:ro,Z" "-e" "SOURCE_DIR=/opt/rustwide/workdir" "-e" "CARGO_TARGET_DIR=/opt/rustwide/target" "-e" "CARGO_INCREMENTAL=0" "-e" "RUST_BACKTRACE=full" "-e" "RUSTFLAGS=--cap-lints=forbid" "-e" "CARGO_HOME=/opt/rustwide/cargo-home" "-e" "RUSTUP_HOME=/opt/rustwide/rustup-home" "-w" "/opt/rustwide/workdir" "-m" "1610612736" "--user" "0:0" "--network" "none" "ghcr.io/rust-lang/crates-build-env/linux@sha256:20528e8c29e4536546f0102ce88568b16ea7538393a33fcca951030f7af10457" "/opt/rustwide/cargo-home/bin/cargo" "+ff34b919075f35a1787659e9c448a34b06bab8de" "build" "--frozen" "--message-format=json", kill_on_drop: false }`
[INFO] [stdout] 616af56394d55b092984678065b63a3ac5151625706df9407b39786810fb4216
[INFO] [stderr] WARNING: Your kernel does not support swap limit capabilities or the cgroup is not mounted. Memory limited without swap.
[INFO] running `Command { std: "docker" "start" "-a" "616af56394d55b092984678065b63a3ac5151625706df9407b39786810fb4216", kill_on_drop: false }`
[INFO] [stderr]    Compiling winapi v0.3.8
[INFO] [stderr]    Compiling rust_dx v0.1.0 (/opt/rustwide/workdir)
[INFO] [stdout] error[E0433]: failed to resolve: could not find `shared` in `winapi`
[INFO] [stdout]  --> src/main.rs:7:13
[INFO] [stdout]   |
[INFO] [stdout] 7 | use winapi::shared::minwindef::LPVOID;
[INFO] [stdout]   |             ^^^^^^ could not find `shared` in `winapi`
[INFO] [stdout] 
[INFO] [stdout] 
[INFO] [stdout] error[E0433]: failed to resolve: could not find `shared` in `winapi`
[INFO] [stdout]  --> src/main.rs:8:13
[INFO] [stdout]   |
[INFO] [stdout] 8 | use winapi::shared::windef::{HICON, HWND};
[INFO] [stdout]   |             ^^^^^^ could not find `shared` in `winapi`
[INFO] [stdout] 
[INFO] [stdout] 
[INFO] [stdout] error[E0433]: failed to resolve: could not find `shared` in `winapi`
[INFO] [stdout]  --> src/main.rs:9:13
[INFO] [stdout]   |
[INFO] [stdout] 9 | use winapi::shared::dxgi::*;
[INFO] [stdout]   |             ^^^^^^ could not find `shared` in `winapi`
[INFO] [stdout] 
[INFO] [stdout] 
[INFO] [stdout] error[E0433]: failed to resolve: could not find `shared` in `winapi`
[INFO] [stdout]   --> src/main.rs:10:13
[INFO] [stdout]    |
[INFO] [stdout] 10 | use winapi::shared::dxgitype::*;
[INFO] [stdout]    |             ^^^^^^ could not find `shared` in `winapi`
[INFO] [stdout] 
[INFO] [stdout] 
[INFO] [stdout] error[E0433]: failed to resolve: could not find `shared` in `winapi`
[INFO] [stdout]   --> src/main.rs:11:13
[INFO] [stdout]    |
[INFO] [stdout] 11 | use winapi::shared::dxgiformat::*;
[INFO] [stdout]    |             ^^^^^^ could not find `shared` in `winapi`
[INFO] [stdout] 
[INFO] [stdout] 
[INFO] [stdout] error[E0433]: failed to resolve: could not find `um` in `winapi`
[INFO] [stdout]   --> src/main.rs:13:13
[INFO] [stdout]    |
[INFO] [stdout] 13 | use winapi::um::d3d11::*;
[INFO] [stdout]    |             ^^ could not find `um` in `winapi`
[INFO] [stdout] 
[INFO] [stdout] 
[INFO] [stdout] error[E0433]: failed to resolve: could not find `um` in `winapi`
[INFO] [stdout]   --> src/main.rs:14:13
[INFO] [stdout]    |
[INFO] [stdout] 14 | use winapi::um::d3dcommon::{D3D_DRIVER_TYPE_HARDWARE};
[INFO] [stdout]    |             ^^ could not find `um` in `winapi`
[INFO] [stdout] 
[INFO] [stdout] 
[INFO] [stdout] error[E0433]: failed to resolve: could not find `um` in `winapi`
[INFO] [stdout]   --> src/main.rs:16:13
[INFO] [stdout]    |
[INFO] [stdout] 16 | use winapi::um::winuser::{
[INFO] [stdout]    |             ^^ could not find `um` in `winapi`
[INFO] [stdout] 
[INFO] [stdout] 
[INFO] [stdout] error[E0433]: failed to resolve: could not find `windows` in `os`
[INFO] [stdout]   --> src/main.rs:26:18
[INFO] [stdout]    |
[INFO] [stdout] 26 |     use std::os::windows::ffi::OsStrExt;
[INFO] [stdout]    |                  ^^^^^^^ could not find `windows` in `os`
[INFO] [stdout] 
[INFO] [stdout] 
[INFO] [stdout] error[E0433]: failed to resolve: could not find `um` in `winapi`
[INFO] [stdout]    --> src/main.rs:108:17
[INFO] [stdout]     |
[INFO] [stdout] 108 |     use winapi::um::winuser::{CW_USEDEFAULT, WS_VISIBLE, WS_OVERLAPPEDWINDOW, CreateWindowExW, DefWindowProcW, WNDCLASSEXW, CS_HREDRAW, C...
[INFO] [stdout]     |                 ^^ could not find `um` in `winapi`
[INFO] [stdout] 
[INFO] [stdout] 
[INFO] [stdout] error[E0433]: failed to resolve: could not find `um` in `winapi`
[INFO] [stdout]    --> src/main.rs:115:33
[INFO] [stdout]     |
[INFO] [stdout] 115 |         let hinstance = winapi::um::libloaderapi::GetModuleHandleW( null_mut() );   
[INFO] [stdout]     |                                 ^^ could not find `um` in `winapi`
[INFO] [stdout] 
[INFO] [stdout] 
[INFO] [stdout] error[E0412]: cannot find type `HWND` in this scope
[INFO] [stdout]   --> src/main.rs:31:14
[INFO] [stdout]    |
[INFO] [stdout] 31 |     handle : HWND,
[INFO] [stdout]    |              ^^^^ not found in this scope
[INFO] [stdout] 
[INFO] [stdout] 
[INFO] [stdout] error[E0412]: cannot find type `IDXGISwapChain` in this scope
[INFO] [stdout]   --> src/main.rs:35:23
[INFO] [stdout]    |
[INFO] [stdout] 35 |     _swap_chain: *mut IDXGISwapChain,
[INFO] [stdout]    |                       ^^^^^^^^^^^^^^ not found in this scope
[INFO] [stdout] 
[INFO] [stdout] 
[INFO] [stdout] error[E0412]: cannot find type `ID3D11Device` in this scope
[INFO] [stdout]   --> src/main.rs:36:19
[INFO] [stdout]    |
[INFO] [stdout] 36 |     _device: *mut ID3D11Device,
[INFO] [stdout]    |                   ^^^^^^^^^^^^ not found in this scope
[INFO] [stdout] 
[INFO] [stdout] 
[INFO] [stdout] error[E0412]: cannot find type `ID3D11DeviceContext` in this scope
[INFO] [stdout]   --> src/main.rs:37:27
[INFO] [stdout]    |
[INFO] [stdout] 37 |     _device_context: *mut ID3D11DeviceContext,
[INFO] [stdout]    |                           ^^^^^^^^^^^^^^^^^^^ not found in this scope
[INFO] [stdout] 
[INFO] [stdout] 
[INFO] [stdout] error[E0412]: cannot find type `ID3D11Texture2D` in this scope
[INFO] [stdout]   --> src/main.rs:38:25
[INFO] [stdout]    |
[INFO] [stdout] 38 |     _back_buffer : *mut ID3D11Texture2D,
[INFO] [stdout]    |                         ^^^^^^^^^^^^^^^ not found in this scope
[INFO] [stdout] 
[INFO] [stdout] 
[INFO] [stdout] error[E0412]: cannot find type `ID3D11RenderTargetView` in this scope
[INFO] [stdout]   --> src/main.rs:39:27
[INFO] [stdout]    |
[INFO] [stdout] 39 |     _render_target : *mut ID3D11RenderTargetView,
[INFO] [stdout]    |                           ^^^^^^^^^^^^^^^^^^^^^^ not found in this scope
[INFO] [stdout] 
[INFO] [stdout] 
[INFO] [stdout] error[E0412]: cannot find type `MSG` in this scope
[INFO] [stdout]   --> src/main.rs:44:27
[INFO] [stdout]    |
[INFO] [stdout] 44 |         let mut message : MSG = mem::zeroed();
[INFO] [stdout]    |                           ^^^ not found in this scope
[INFO] [stdout] 
[INFO] [stdout] 
[INFO] [stdout] error[E0425]: cannot find function, tuple struct or tuple variant `GetMessageW` in this scope
[INFO] [stdout]   --> src/main.rs:45:12
[INFO] [stdout]    |
[INFO] [stdout] 45 |         if GetMessageW( &mut message as *mut MSG, window.handle, 0, 0 ) > 0 {
[INFO] [stdout]    |            ^^^^^^^^^^^ not found in this scope
[INFO] [stdout] 
[INFO] [stdout] 
[INFO] [stdout] error[E0412]: cannot find type `MSG` in this scope
[INFO] [stdout]   --> src/main.rs:45:46
[INFO] [stdout]    |
[INFO] [stdout] 45 |         if GetMessageW( &mut message as *mut MSG, window.handle, 0, 0 ) > 0 {
[INFO] [stdout]    |                                              ^^^ not found in this scope
[INFO] [stdout] 
[INFO] [stdout] 
[INFO] [stdout] error[E0425]: cannot find function, tuple struct or tuple variant `TranslateMessage` in this scope
[INFO] [stdout]   --> src/main.rs:46:13
[INFO] [stdout]    |
[INFO] [stdout] 46 |             TranslateMessage( &message as *const MSG );
[INFO] [stdout]    |             ^^^^^^^^^^^^^^^^ not found in this scope
[INFO] [stdout] 
[INFO] [stdout] 
[INFO] [stdout] error[E0412]: cannot find type `MSG` in this scope
[INFO] [stdout]   --> src/main.rs:46:50
[INFO] [stdout]    |
[INFO] [stdout] 46 |             TranslateMessage( &message as *const MSG );
[INFO] [stdout]    |                                                  ^^^ not found in this scope
[INFO] [stdout] 
[INFO] [stdout] 
[INFO] [stdout] error[E0425]: cannot find function, tuple struct or tuple variant `DispatchMessageW` in this scope
[INFO] [stdout]   --> src/main.rs:47:13
[INFO] [stdout]    |
[INFO] [stdout] 47 |             DispatchMessageW( &message as *const MSG );
[INFO] [stdout]    |             ^^^^^^^^^^^^^^^^ not found in this scope
[INFO] [stdout] 
[INFO] [stdout] 
[INFO] [stdout] error[E0412]: cannot find type `MSG` in this scope
[INFO] [stdout]   --> src/main.rs:47:50
[INFO] [stdout]    |
[INFO] [stdout] 47 |             DispatchMessageW( &message as *const MSG );
[INFO] [stdout]    |                                                  ^^^ not found in this scope
[INFO] [stdout] 
[INFO] [stdout] 
[INFO] [stdout] error[E0412]: cannot find type `HWND` in this scope
[INFO] [stdout]   --> src/main.rs:55:31
[INFO] [stdout]    |
[INFO] [stdout] 55 | fn create_swap_chain(window : HWND, devices : &mut D11Devices){
[INFO] [stdout]    |                               ^^^^ not found in this scope
[INFO] [stdout] 
[INFO] [stdout] 
[INFO] [stdout] error[E0412]: cannot find type `DXGI_SWAP_CHAIN_DESC` in this scope
[INFO] [stdout]   --> src/main.rs:58:35
[INFO] [stdout]    |
[INFO] [stdout] 58 |         let mut swap_chain_desc : DXGI_SWAP_CHAIN_DESC = mem::zeroed();
[INFO] [stdout]    |                                   ^^^^^^^^^^^^^^^^^^^^ not found in this scope
[INFO] [stdout] 
[INFO] [stdout] 
[INFO] [stdout] error[E0425]: cannot find value `DXGI_FORMAT_R8G8B8A8_UNORM` in this scope
[INFO] [stdout]   --> src/main.rs:61:45
[INFO] [stdout]    |
[INFO] [stdout] 61 |         swap_chain_desc.BufferDesc.Format = DXGI_FORMAT_R8G8B8A8_UNORM;
[INFO] [stdout]    |                                             ^^^^^^^^^^^^^^^^^^^^^^^^^^ not found in this scope
[INFO] [stdout] 
[INFO] [stdout] 
[INFO] [stdout] error[E0425]: cannot find value `DXGI_USAGE_RENDER_TARGET_OUTPUT` in this scope
[INFO] [stdout]   --> src/main.rs:62:39
[INFO] [stdout]    |
[INFO] [stdout] 62 |         swap_chain_desc.BufferUsage = DXGI_USAGE_RENDER_TARGET_OUTPUT;
[INFO] [stdout]    |                                       ^^^^^^^^^^^^^^^^^^^^^^^^^^^^^^^ not found in this scope
[INFO] [stdout] 
[INFO] [stdout] 
[INFO] [stdout] error[E0425]: cannot find value `DXGI_SWAP_EFFECT_FLIP_SEQUENTIAL` in this scope
[INFO] [stdout]   --> src/main.rs:65:38
[INFO] [stdout]    |
[INFO] [stdout] 65 |         swap_chain_desc.SwapEffect = DXGI_SWAP_EFFECT_FLIP_SEQUENTIAL;
[INFO] [stdout]    |                                      ^^^^^^^^^^^^^^^^^^^^^^^^^^^^^^^^ not found in this scope
[INFO] [stdout] 
[INFO] [stdout] 
[INFO] [stdout] error[E0425]: cannot find value `D3D11_CREATE_DEVICE_DEBUG` in this scope
[INFO] [stdout]   --> src/main.rs:69:30
[INFO] [stdout]    |
[INFO] [stdout] 69 |         let creation_flags = D3D11_CREATE_DEVICE_DEBUG;
[INFO] [stdout]    |                              ^^^^^^^^^^^^^^^^^^^^^^^^^ not found in this scope
[INFO] [stdout] 
[INFO] [stdout] 
[INFO] [stdout] error[E0425]: cannot find function, tuple struct or tuple variant `D3D11CreateDeviceAndSwapChain` in this scope
[INFO] [stdout]   --> src/main.rs:74:19
[INFO] [stdout]    |
[INFO] [stdout] 74 |         let res = D3D11CreateDeviceAndSwapChain(
[INFO] [stdout]    |                   ^^^^^^^^^^^^^^^^^^^^^^^^^^^^^ not found in this scope
[INFO] [stdout] 
[INFO] [stdout] 
[INFO] [stdout] error[E0425]: cannot find value `D3D_DRIVER_TYPE_HARDWARE` in this scope
[INFO] [stdout]   --> src/main.rs:76:13
[INFO] [stdout]    |
[INFO] [stdout] 76 |             D3D_DRIVER_TYPE_HARDWARE,
[INFO] [stdout]    |             ^^^^^^^^^^^^^^^^^^^^^^^^ not found in this scope
[INFO] [stdout] 
[INFO] [stdout] 
[INFO] [stdout] error[E0425]: cannot find value `IID_ID3D11Texture2D` in this scope
[INFO] [stdout]   --> src/main.rs:92:48
[INFO] [stdout]    |
[INFO] [stdout] 92 |             let res = swap_chain.GetBuffer(0, &IID_ID3D11Texture2D, &mut devices._back_buffer as *mut _ as *mut LPVOID);
[INFO] [stdout]    |                                                ^^^^^^^^^^^^^^^^^^^ not found in this scope
[INFO] [stdout] 
[INFO] [stdout] 
[INFO] [stdout] error[E0412]: cannot find type `LPVOID` in this scope
[INFO] [stdout]   --> src/main.rs:92:113
[INFO] [stdout]    |
[INFO] [stdout] 92 |             let res = swap_chain.GetBuffer(0, &IID_ID3D11Texture2D, &mut devices._back_buffer as *mut _ as *mut LPVOID);
[INFO] [stdout]    |                                                                                                                 ^^^^^^ not found in this scope
[INFO] [stdout] 
[INFO] [stdout] 
[INFO] [stdout] error[E0422]: cannot find struct, variant or union type `WNDCLASSEXW` in this scope
[INFO] [stdout]    --> src/main.rs:116:25
[INFO] [stdout]     |
[INFO] [stdout] 116 |         let wnd_class = WNDCLASSEXW {
[INFO] [stdout]     |                         ^^^^^^^^^^^ not found in this scope
[INFO] [stdout] 
[INFO] [stdout] 
[INFO] [stdout] error[E0412]: cannot find type `WNDCLASSEXW` in this scope
[INFO] [stdout]    --> src/main.rs:117:32
[INFO] [stdout]     |
[INFO] [stdout] 107 | fn create_window( name: &str, title: &str) -> Result<Window, Error>{
[INFO] [stdout]     |                 - help: you might be missing a type parameter: `<WNDCLASSEXW>`
[INFO] [stdout] ...
[INFO] [stdout] 117 |             cbSize : size_of::<WNDCLASSEXW>()as u32,
[INFO] [stdout]     |                                ^^^^^^^^^^^ not found in this scope
[INFO] [stdout] 
[INFO] [stdout] 
[INFO] [stdout] error[E0412]: cannot find type `HICON` in this scope
[INFO] [stdout]    --> src/main.rs:118:28
[INFO] [stdout]     |
[INFO] [stdout] 118 |             hIconSm : 0 as HICON,
[INFO] [stdout]     |                            ^^^^^ not found in this scope
[INFO] [stdout] 
[INFO] [stdout] 
[INFO] [stdout] error[E0425]: cannot find value `CS_HREDRAW` in this scope
[INFO] [stdout]    --> src/main.rs:119:21
[INFO] [stdout]     |
[INFO] [stdout] 119 |             style : CS_HREDRAW | CS_VREDRAW,
[INFO] [stdout]     |                     ^^^^^^^^^^ not found in this scope
[INFO] [stdout] 
[INFO] [stdout] 
[INFO] [stdout] error[E0425]: cannot find value `CS_VREDRAW` in this scope
[INFO] [stdout]    --> src/main.rs:119:34
[INFO] [stdout]     |
[INFO] [stdout] 119 |             style : CS_HREDRAW | CS_VREDRAW,
[INFO] [stdout]     |                                  ^^^^^^^^^^ not found in this scope
[INFO] [stdout] 
[INFO] [stdout] 
[INFO] [stdout] error[E0425]: cannot find value `DefWindowProcW` in this scope
[INFO] [stdout]    --> src/main.rs:120:33
[INFO] [stdout]     |
[INFO] [stdout] 120 |             lpfnWndProc : Some( DefWindowProcW ),
[INFO] [stdout]     |                                 ^^^^^^^^^^^^^^ not found in this scope
[INFO] [stdout] 
[INFO] [stdout] 
[INFO] [stdout] error[E0425]: cannot find function, tuple struct or tuple variant `RegisterClassExW` in this scope
[INFO] [stdout]    --> src/main.rs:131:9
[INFO] [stdout]     |
[INFO] [stdout] 131 |         RegisterClassExW( &wnd_class );
[INFO] [stdout]     |         ^^^^^^^^^^^^^^^^ not found in this scope
[INFO] [stdout] 
[INFO] [stdout] 
[INFO] [stdout] error[E0425]: cannot find function, tuple struct or tuple variant `CreateWindowExW` in this scope
[INFO] [stdout]    --> src/main.rs:133:22
[INFO] [stdout]     |
[INFO] [stdout] 133 |         let handle = CreateWindowExW(
[INFO] [stdout]     |                      ^^^^^^^^^^^^^^^ not found in this scope
[INFO] [stdout] 
[INFO] [stdout] 
[INFO] [stdout] error[E0425]: cannot find value `WS_OVERLAPPEDWINDOW` in this scope
[INFO] [stdout]    --> src/main.rs:137:13
[INFO] [stdout]     |
[INFO] [stdout] 137 |             WS_OVERLAPPEDWINDOW | WS_VISIBLE,
[INFO] [stdout]     |             ^^^^^^^^^^^^^^^^^^^ not found in this scope
[INFO] [stdout] 
[INFO] [stdout] 
[INFO] [stdout] error[E0425]: cannot find value `WS_VISIBLE` in this scope
[INFO] [stdout]    --> src/main.rs:137:35
[INFO] [stdout]     |
[INFO] [stdout] 137 |             WS_OVERLAPPEDWINDOW | WS_VISIBLE,
[INFO] [stdout]     |                                   ^^^^^^^^^^ not found in this scope
[INFO] [stdout] 
[INFO] [stdout] 
[INFO] [stdout] error[E0425]: cannot find value `CW_USEDEFAULT` in this scope
[INFO] [stdout]    --> src/main.rs:138:13
[INFO] [stdout]     |
[INFO] [stdout] 138 |             CW_USEDEFAULT,
[INFO] [stdout]     |             ^^^^^^^^^^^^^ not found in this scope
[INFO] [stdout] 
[INFO] [stdout] 
[INFO] [stdout] error[E0425]: cannot find value `CW_USEDEFAULT` in this scope
[INFO] [stdout]    --> src/main.rs:139:13
[INFO] [stdout]     |
[INFO] [stdout] 139 |             CW_USEDEFAULT,
[INFO] [stdout]     |             ^^^^^^^^^^^^^ not found in this scope
[INFO] [stdout] 
[INFO] [stdout] 
[INFO] [stdout] error[E0425]: cannot find value `CW_USEDEFAULT` in this scope
[INFO] [stdout]    --> src/main.rs:140:13
[INFO] [stdout]     |
[INFO] [stdout] 140 |             CW_USEDEFAULT,
[INFO] [stdout]     |             ^^^^^^^^^^^^^ not found in this scope
[INFO] [stdout] 
[INFO] [stdout] 
[INFO] [stdout] error[E0425]: cannot find value `CW_USEDEFAULT` in this scope
[INFO] [stdout]    --> src/main.rs:141:13
[INFO] [stdout]     |
[INFO] [stdout] 141 |             CW_USEDEFAULT,
[INFO] [stdout]     |             ^^^^^^^^^^^^^ not found in this scope
[INFO] [stdout] 
[INFO] [stdout] 
[INFO] [stdout] error[E0599]: no method named `encode_wide` found for reference `&OsStr` in the current scope
[INFO] [stdout]   --> src/main.rs:27:25
[INFO] [stdout]    |
[INFO] [stdout] 27 |     OsStr::new( value ).encode_wide().chain( once( 0 ) ).collect()
[INFO] [stdout]    |                         ^^^^^^^^^^^ method not found in `&OsStr`
[INFO] [stdout] 
[INFO] [stdout] 
[INFO] [stdout] error: aborting due to 49 previous errors
[INFO] [stdout] 
[INFO] [stdout] 
[INFO] [stdout] Some errors have detailed explanations: E0412, E0422, E0425, E0433, E0599.
[INFO] [stdout] 
[INFO] [stdout] For more information about an error, try `rustc --explain E0412`.
[INFO] [stdout] 
[INFO] [stderr] error: could not compile `rust_dx`
[INFO] [stderr] 
[INFO] [stderr] To learn more, run the command again with --verbose.
[INFO] running `Command { std: "docker" "inspect" "616af56394d55b092984678065b63a3ac5151625706df9407b39786810fb4216", kill_on_drop: false }`
[INFO] running `Command { std: "docker" "rm" "-f" "616af56394d55b092984678065b63a3ac5151625706df9407b39786810fb4216", kill_on_drop: false }`
[INFO] [stdout] 616af56394d55b092984678065b63a3ac5151625706df9407b39786810fb4216
